437 - 7157?
206260
In base 2, what is 111011001001011 + -1010000110110?
110001000010101
In base 14, what is 514c + -c2?
506a
In base 7, what is 6065260506 - -2?
6065260511
In base 12, what is -1b73b0bb - -b?
-1b73b0b0
In base 4, what is 2 + -13131111111?
-13131111103
In base 8, what is -64053217 - -23?
-64053174
In base 7, what is -1053524402 - 3?
-1053524405
In base 16, what is -20 + -1e32c0?
-1e32e0
In base 5, what is -20234032113 + 1?
-20234032112
In base 8, what is 607402 - -23?
607425
In base 16, what is -460bd9 - -19?
-460bc0
In base 6, what is 13221 - -541110?
554331
In base 6, what is -5503551 + 204?
-5503343
In base 13, what is -cc + -133067?
-133166
In base 15, what is 34c - 3951?
-3604
In base 3, what is 112222011111212 - 0?
112222011111212
In base 14, what is 20970 + 12b?
20a9b
In base 6, what is -2411 + 52053?
45242
In base 15, what is 0 + 42de39?
42de39
In base 7, what is 1341544 + 11116?
1352663
In base 4, what is -10132000123 + -31?
-10132000220
In base 15, what is 2472971 + 2?
2472973
In base 4, what is 2033320310 + 313?
2033321223
In base 4, what is -10001321010 + -301?
-10001321311
In base 10, what is -6321184 + -10?
-6321194
In base 9, what is -40 - -14643083?
14643043
In base 6, what is 2524 - 10311454?
-10304530
In base 7, what is 1352504 + 61?
1352565
In base 15, what is -1 - -1969d08?
1969d07
In base 7, what is -1 - 1026044106?
-1026044110
In base 16, what is 4207 + 140?
4347
In base 10, what is 3357 - 441?
2916
In base 3, what is -10 - -12011200120101210?
12011200120101200
In base 10, what is -92713 + -78?
-92791
In base 14, what is 2b7a934 - -5a?
2b7a990
In base 4, what is 33200331 + -2222?
33132103
In base 7, what is 21305 - 11462?
6513
In base 5, what is -2142403 - -4130?
-2133223
In base 13, what is 296a - 437?
2533
In base 13, what is 144b - 87b9?
-736b
In base 14, what is -6b + 36945?
368b8
In base 3, what is 21021000200021122 - 0?
21021000200021122
In base 11, what is -748025 - -183?
-747952
In base 16, what is 2 + 8e237?
8e239
In base 7, what is 10310466 - -10?
10310506
In base 12, what is -1b9544b + -13?
-1b95462
In base 11, what is 11932 - 764?
11179
In base 13, what is -1837288 - 3?
-183728b
In base 12, what is -74b2 + 90?
-7422
In base 12, what is 108 - 154712?
-154606
In base 10, what is 808 + 180?
988
In base 13, what is -1601352 + 16?
-1601339
In base 2, what is 101011011111111110 + 101110?
101011100000101100
In base 15, what is -367 + 1bb2?
184a
In base 16, what is 6 - 69ea87?
-69ea81
In base 5, what is -221130 - 41311?
-312441
In base 7, what is -5 - -1362322251?
1362322243
In base 16, what is 1ecdf - 250?
1ea8f
In base 13, what is 3 - 932b2c?
-932b29
In base 13, what is 5 + -6426382?
-642637a
In base 14, what is 282 - 76d2?
-7450
In base 8, what is -11137 + 5432?
-3505
In base 13, what is -772806 + 107?
-7726cc
In base 4, what is 10 + -3202000311?
-3202000301
In base 13, what is -a + c88b8?
c88ab
In base 9, what is 0 + 50277285?
50277285
In base 12, what is 2b80 + -b4?
2a88
In base 12, what is -23 - -263a3?
26380
In base 12, what is 13a4 + -142130?
-140948
In base 8, what is -127501464 + 5?
-127501457
In base 9, what is -72 - -24315?
24233
In base 8, what is -10000144 + 474?
-7777450
In base 3, what is -11010 - 122111112112?
-122111200122
In base 16, what is -207c0f - -39?
-207bd6
In base 4, what is -303111010210 - -1?
-303111010203
In base 7, what is -43 + 5211116?
5211043
In base 9, what is 4 - 4714260?
-4714255
In base 6, what is 1421555352 - 2?
1421555350
In base 5, what is -110130 + 423022?
312342
In base 11, what is 5 - 3811?
-3807
In base 10, what is -3 + 1386407?
1386404
In base 2, what is -100111100010110100000001 + -11?
-100111100010110100000100
In base 2, what is -111000000011000000 - 100011110?
-111000000111011110
In base 11, what is -6 + 6a289707?
6a289701
In base 11, what is 783a206 - 13?
783a1a3
In base 9, what is 11364400 + -3?
11364386
In base 13, what is 4 - -15611757?
1561175b
In base 9, what is -3 + 6147600?
6147586
In base 16, what is -1a8 - -3d8a?
3be2
In base 15, what is 1 + -10d4a09?
-10d4a08
In base 5, what is 4224011 - -403?
4224414
In base 2, what is -11 + 11110101000101101011110?
11110101000101101011011
In base 2, what is 1100100100011001111 - 1001101?
1100100100010000010
In base 15, what is -33eec + -472?
-3446e
In base 8, what is -2011 + 15705?
13674
In base 8, what is -1702536014 - 3?
-1702536017
In base 10, what is 323766 + -6?
323760
In base 8, what is -52147716 + -4?
-52147722
In base 10, what is -1516480 - -7?
-1516473
In base 14, what is 32484b6b - -1?
32484b6c
In base 8, what is -42 - 452331?
-452373
In base 6, what is -44404 - -1522?
-42442
In base 16, what is a01 - -a4b1?
aeb2
In base 6, what is -23125115 + 500?
-23124215
In base 9, what is 371 + 1051471?
1051852
In base 9, what is -812 + -44744?
-45656
In base 10, what is 157557201 - -1?
157557202
In base 4, what is -100300 + -313100?
-1020000
In base 2, what is -11111000011101110 - -101010?
-11111000011000100
In base 9, what is -2744122852 + -4?
-2744122856
In base 8, what is 32023537 + -23?
32023514
In base 15, what is -2 + -5ae27?
-5ae29
In base 16, what is 4147a7e - -2?
4147a80
In base 8, what is 0 + 2170360707?
2170360707
In base 12, what is -15 + -110a447?
-110a460
In base 7, what is -2511 - 36605?
-42416
In base 4, what is 231 - 2122032322?
-2122032031
In base 10, what is 8 - 9834321?
-9834313
In base 13, what is 742c34b6 - -1?
742c34b7
In base 9, what is 367700 - -363?
368163
In base 14, what is 23385a - -9?
233865
In base 4, what is -232013011 - 122?
-232013133
In base 13, what is -68a9a3aa + 5?
-68a9a3a5
In base 2, what is 101 - -1010010000100101101101?
1010010000100101110010
In base 11, what is 2 + 1020258?
102025a
In base 11, what is 4 + 7a381652?
7a381656
In base 4, what is 13320313311 + 2?
13320313313
In base 14, what is 530d + -91c?
47d1
In base 2, what is 111111 + -1010111000111001101110?
-1010111000111000101111
In base 15, what is 384 - -db8e?
e023
In base 9, what is 187130 - 3273?
183746
In base 9, what is -8 + -13664638?
-13664647
In base 12, what is 37067 - -716?
37781
In base 16, what is -3a - 33b62?
-33b9c
In base 6, what is 404252520 + -103?
404252413
In base 14, what is 4b4 - d7?
3bb
In base 2, what is 1011100 + 10111111110010110?
10111111111110010
In base 8, what is 32 - -32563712?
32563744
In base 10, what is 507 + -681503?
-680996
In base 14, what is -3ba - -3350?
2d74
In base 9, what is -113 + 15522?
15408
In base 2, what is -10100110001110 - -10110010101?
-10001111111001
In base 7, what is -2044353 + 354?
-2043666
In base 16, what is 458 - 4d43?
-48eb
In base 9, what is -24 + -2543012?
-2543036
In base 9, what is -115680222 - 1?
-115680223
In base 15, what is -3a73e + 13e?
-3a600
In base 12, what is -4 + -877503?
-877507
In base 11, what is -96a - 491313?
-492182
In base 7, what is 14054 - -166232?
213316
In base 4, what is -1312 - 1303302?
-1311220
In base 4, what is -111031322311 + -1200?
-111031330111
In base 12, what is 10b + 4a874?
4a983
In base 14, what is -1b0a9 - -b2?
-1add7
In base 6, what is 1052435 + 312?
1053151
In base 10, what is 85611 - 86?
85525
In base 16, what is 148ad - 392?
1451b
In base 5, what is 2 - 14234442401?
-14234442344
In base 15, what is 6 + c674755?
c67475b
In base 11, what is 1690 + 3926a?
3a94a
In base 7, what is -3221 - -3255?
34
In base 6, what is 120102510 + 1?
120102511
In base 6, what is -5 + -32452201050?
-32452201055
In base 10, what is 271 + 116513?
116784
In base 6, what is -1455202202 + -3?
-1455202205
In base 9, what is 148627 + -77?
148540
In base 3, what is 100 - -22010112102212?
22010112110012
In base 8, what is -102174701 - 2?
-102174703
In base 7, what is 236 - -23652?
24221
In base 8, what is 25043 - -30330?
55373
In base 2, what is 1010110000110110001110100 - -10?
1010110000110110001110110
In base 11, what is 292207775 + 4?
292207779
In base 14, what is -329d115 + c?
-329d107
In base 5, what is 4441013344 + -1?
4441013343
In base 12, what is -894348 + 8?
-894340
In base 10, what is 2753 - 30904?
-28151
In base 16, what is -1dd645 + -c?
-1dd651
In base 4, what is -11 + 3030130130032?
3030130130021
In base 5, what is -13013033 - -21?
-13013012
In base 11, what is 2 - -6a9707?
6a9709
In base 16, what is 5c + 3d913?
3d96f
In base 5,